 Suppose -5*c + w = -4. What is z(c)?
-1
Let m(d) = -2*d**3 + 7*d**2 - 5. Suppose 60*r + 78 = 258. Calculate m(r).
4
Let x(w) be the second derivative of -w**5/20 - 5*w**4/12 + w**3/2 + 3*w**2 + 6*w - 1. Give x(-5).
-9
Let k(i) be the first derivative of 48 + 0*i - 2*i**3 + 1/4*i**4 - 5/2*i**2. Give k(6).
-30
Let y(z) = 2*z + 2. Let c = 204 - 201. Give y(c).
8
Let q(m) = -4*m + 10 - 53 + 47 - 3*m**2. Give q(-5).
-51
Let s(w) = 2*w - 1. Let k(g) = -5*g - 6. Let d be k(-3). Let j be 3 + (5 - d/3). Suppose 11 = -j*a - 4. What is s(a)?
-7
Suppose 3*r = 3, 0 = -q + 2*r - 0*r + 7. Let b be 0*((-45)/(-10))/q. Let s(z) = z - 3 + 3. Determine s(b).
0
Let r(b) = -b**2 - 11*b + 97. Let k be r(-17). Let t(x) = x**3 + 4*x**2 - 6*x + 3. What is t(k)?
8
Let n = 7 - 3. Suppose -5*i + 40 = -n*c, -4*i + c + 2*c = -31. Let u(o) = 2*o + 2*o - 5*o - i. Give u(-6).
2
Let c(b) be the second derivative of -b**5/20 + 3*b**4/4 + b**3/2 - 6*b**2 - 81*b - 2. Calculate c(9).
15
Let b(x) = x**3 + 10*x**2 - 11*x + 15. Suppose -8*w - 9 - 79 = 0. Give b(w).
15
Let g(f) = -8*f - 7*f - 2*f + f - 56 + 22*f. Determine g(9).
-2
Let l be 87/7 - 196/(-343). Let h(n) = n**2 - 14*n + 10. What is h(l)?
-3
Let u(l) = l**3 - 10*l**2 + 4*l + 3. Suppose -121*j + 738 = -39*j. Determine u(j).
-42
Let v(h) = 8 + 25*h**2 - 4*h**2 - 9*h**2 - 13*h**2. Determine v(0).
8
Let g = -1341 - -1352. Let s(w) be the second derivative of -g*w + 0 + 1/6*w**3 + 3/2*w**2. What is s(-3)?
0
Let t(w) be the third derivative of w**6/60 - w**4/24 + w**3/3 - 186*w**2. Determine t(2).
16
Let i(n) = 44*n**2 - 1 - 1 - 1 + 5 - 37*n**2 + n**3 - n. Determine i(-7).
9
Let b(m) = -m + 5. Let s be b(4). Let x be s/(18/(-10) - -2). Let a(l) = -x - 3*l - l**3 - 4*l**2 - 5*l**2 + 2*l. Determine a(-9).
4
Suppose -2*r = -2*f - 38, -2*f + 3*f - 32 = -2*r. Let m(k) = -k**3 + 17*k**2 - 4. Give m(r).
-4
Let z(c) = 3*c - 36. Let s be (-1)/(-7) + 332/(-168)*-6. Calculate z(s).
0
Let b(y) = -6*y + 2. Suppose -c - 3 - 5 = -3*a, -5*c = 2*a - 28. Give b(c).
-22
Let s be 56/(-6)*(-63)/84 - 6. Let k(b) be the third derivative of 2*b**5/15 - b**3/6 + b**2. Calculate k(s).
7
Let p(b) = 0*b**2 - 4*b + 10 + 5*b + b**3 + 8*b**2. Let x be p(-8). Let f be (-3)/x - (-91)/14. Let g(s) = s**2 - 8*s + 5. Determine g(f).
-10
Let u(r) = -3*r - r**2 + 4*r - 2 - 5*r. Let d be u(0). Let s(c) = -c**3 - 2*c**2 - 2*c - 1. Give s(d).
3
Let u(i) = -i + 2. Let x = 15 - 18. Let j be (-130)/(-30) - (-1)/x. Suppose 2*k - j*k = 0. What is u(k)?
2
Let m = -44 - -47. Let g(c) = -5 - c**3 + 5*c**2 + 10 - 4 - 4*c. Calculate g(m).
7
Suppose 0 = -3*a - 4*d + 1, 2*a - 4*d - 34 = 0. Let n = -2 + a. Let f(h) = -h**2 + 7*h - 7. Determine f(n).
3
Let r = -55 + 57. Let k(c) = -5*c**2 - 4*c**r + 3*c**2 - 3*c + 3*c**2. Give k(-2).
-6
Let m(x) = -x + 5. Let t be (8/(-4))/(2/(-8)). What is m(t)?
-3
Let b(y) = -8 + 39*y - 11*y - 8*y - 13*y - 8*y. Let t(r) = r**2 - 6*r + 1. Let z be t(5). Determine b(z).
-4
Let f(a) be the third derivative of -1/12*a**4 - 1/6*a**3 + 1/60*a**6 + 0 + 0*a**5 + 8*a**2 + 0*a. Calculate f(-2).
-13
Let b(x) = -x**2 + 26*x + 193. Let i be b(32). Let c(y) = -9*y**2 + 1. What is c(i)?
-8
Suppose 0 = -5*r - 2*r - 98. Let v(d) = d**2 + 14*d + 8. Let b be v(r). Let g(s) = s**3 - 9*s**2 + 7*s + 3. Determine g(b).
-5
Suppose -3*v + 10 = 2*v. Suppose -v*u - 14 = -4*u. Let w(d) = 2*d - 2*d - 2*d + u. What is w(5)?
-3
Suppose -o = -2*d - 13, 8*d + 3 = -4*o + 5*d. Let v(s) = -2*s**2 - s - 2. What is v(o)?
-23
Suppose -5 = w + 4*p, -2*w - 7 = 5*p - 3. Let b(a) = 5*a**2 - 4*a - 21 + 26 + a**w + 0*a**3. Determine b(-6).
-7
Let b(v) be the second derivative of -2*v**2 + 1/6*v**3 + 1/8*v**4 + 0 - 2*v + 1/60*v**5. Let g(a) be the first derivative of b(a). What is g(-4)?
5
Suppose 3*q + 51 = -3*y, -5 = 2*y - 2*q + 13. Let k(c) = -c**2 - 13*c - 6. Determine k(y).
-6
Let l(o) = 2*o**2 + 11*o - 18. Let a be -2 - 15*2/(-12)*-2. Calculate l(a).
3
Suppose -41*z = -31*z + 80. Let i(t) = t**3 + 8*t**2 + 2*t + 18. What is i(z)?
2
Let m(b) = 7*b + 10 - 4*b - 2*b. Let d be m(-5). Let l(q) = -q**3 + 5*q**2 + q - 1. Give l(d).
4
Let a(b) = -2*b - 4. Let y be a(0). Let n(c) = 3*c**3 - 4*c**2 + 4*c**3 - 8*c**3 + 5. What is n(y)?
5
Let p be -7*6/(-42) - 0. Let x(c) = 8*c**2 - c + 1. Determine x(p).
8
Suppose -90 = -6*t + 3*t. Let l = 32 - t. Let d(y) = y**3 - 2*y**2 - 1. Determine d(l).
-1
Let j(b) be the third derivative of 1/12*b**5 + 6*b**2 + 0 - 1/120*b**6 + 0*b - 1/6*b**4 - 1/6*b**3. Let h be j(4). Let l(x) = -x - 1. Determine l(h).
0
Suppose -67*i + 153 = -16*i. Let z(a) = -a**3 + 4*a**2 + 5. Calculate z(i).
14
Let q(u) be the second derivative of u**4/12 - u**3/6 + 3*u**2/2 - 133*u. Calculate q(0).
3
Let l(j) = 28*j**2 + 246*j**3 - 13*j**2 + 244*j**3 - 13 - 489*j**3 + 1. Determine l(-15).
-12
Let k(c) = -4*c**3 + 1 - 5*c**3 + 2*c**3 - 2*c**2. Let l = 36 + -32. Let t be (-18)/12*l/6. Determine k(t).
6
Let n(m) = 7*m**2 + m + 4. Suppose -9 - 3 = 3*u. Let i(c) = -1. Let z(d) = u*i(d) - n(d). What is z(1)?
-8
Let z(v) = -v**2 - 2*v - 3. Let i = 352 + -352. Determine z(i).
-3
Let t(s) = -2*s**2 - 22*s - 38. Let y be t(-2). Let q(f) = f**3 + 6*f**2 + 5*f + 3. Calculate q(y).
9
Let w(r) = -r**3 - r + 3. Let d(k) = 3*k + 6. Let x be d(6). Suppose -5*f = -3*o + 1 - 4, 4*f + 3*o - x = 0. Let u be f/9*0/(-5). What is w(u)?
3
Let q be 3/((-20)/(-30) + 1/3). Suppose 5*b - 13 = q*k + 24, -b + k + 9 = 0. Let c(p) = -p + 3. Give c(b).
-2
Let x(q) be the first derivative of 3*q**2/2 - 4*q - 571. What is x(-3)?
-13
Let x(b) = -2*b**3 + 15*b**2 - 15*b - 7. Let a(c) = c**3 - 8*c**2 + 8*c + 4. Let j(z) = 5*a(z) + 3*x(z). Suppose -r + 5 = 1. Suppose -20 = -r*l - l. Give j(l).
-5
Suppose -14*c = -13*c + 4. Let d(l) = -5*l + 12. Let x(t) = -3*t + 6. Let q(n) = 6*d(n) - 11*x(n). Determine q(c).
-6
Suppose 0 = -4*y + 4 + 16. Let w(i) = -4*i + 0*i + 5*i + y*i**3 + 78 - 79 + i**2. What is w(1)?
6
Suppose -3*c + 4 + 2 = 0. Suppose -27 = a + c*k, 0 = -k - 3. Let q be 33/(-9) + 7/a. Let l(n) = -n**3 - 4*n**2. What is l(q)?
0
Let w = -22 + 27. Let j be (15/6)/(w/10). Let g(h) be the second derivative of h**4/12 - 4*h**3/3 + 3*h**2 - 7*h. Calculate g(j).
-9
Let z be 103168/10416 + (-2)/(-21) + 0. Let v(u) = u**2 - 9*u + 12. Determine v(z).
22
Let v = 14 - 29. Let f = v - -9. Let n(g) = -3*g**2 - 3*g + 8. Let a(o) = -7*o**2 - 5*o + 17. Let j(i) = -2*a(i) + 5*n(i). Give j(f).
0
Let w(j) be the second derivative of 3*j**3/2 + 2*j**2 + 23*j - 1. Determine w(-3).
-23
Let j(d) = 5*d + 3. Let a be j(2). Let f(b) = 8*b**2 - b**3 - 7*b - 4*b**2 + 9 + 3*b**2 - a. Give f(6).
-10
Suppose h - 8 = -h. Suppose -x - 6 = -h. Let w(v) = v + 4. What is w(x)?
2
Let b = 1 - -1. Let d = 2 + b. Let z(j) = 3*j**2 + 9*j + 7. Let h(v) = 4*v**2 + 13*v + 10. Let r(c) = -5*h(c) + 7*z(c). What is r(d)?
7
Let x(r) = -4*r**2 - 34*r - 5. Let i be x(-8). Let d(c) = -c**3 + 10*c**2 + 10*c + 4. What is d(i)?
-7
Let b be (-1)/((9/(-3))/21). Let o(d) = 10 - 5 - d**2 + 577*d - 571*d. Calculate o(b).
-2
Let k be 2 - 0 - (-4 - 1 - 6). Let t(w) = -w + 8. What is t(k)?
-5
Suppose -4*x - 5 = 3*m, 0 = m + 4*x + 15 - 0. Let l(s) be the first derivative of s**3/3 - 4*s**2 + 4*s - 8. Determine l(m).
-11
Let i be (-270)/(-63) - (-4)/(-14). Suppose 0 = 2*b - b - i. Let c(r) = -3 + 7 - 2*r**2 + 4*r**2 - b*r - r**2. What is c(3)?
1
Let p(g) = -g**3 - 14*g**2 + 5*g + 13. Let s(b) = -2*b**3 - 27*b**2 + 11*b + 26. Let a(y) = -11*p(y) + 6*s(y). What is a(-9)?
-5
Let v(m) = 405 - 408 + 0*m**3 - 4*m + 3*m**3. Suppose 0 = -2*o + 3*w - 10, o + 2*w - 10 = 4*o. Calculate v(o).
-19
Let w(b) = 4 - 5*b + b**2 - 6 + 0 + 3*b**2 - b**3 + 2*b**2. Let k = 6 - 2. Give w(k).
10
Let y(q) = -2*q - 5. Let z(o) = -2*o - 4. Let a(s) = -3*y(s) + 4*z(s). Determine a(0).
-1
Let y(n) = -n**2 + 2*n + 1. Let p(t) = t**3 - 8*t**2 + 21*t - 98. Let a be p(7). Give y(a).
1
Let m(f) = -f**2 + 7*f - 1. Let x be 10/(-8)*(-49 + 45). Calculate m(x).
9
Let q = 2039 + -2053. Let h(c) = c**2 + 11*c + 4. Give h(q).
46
Let w(h) = 10*h + 8. Let t(z) = -8*z - 7. Let k(d) = 7*t(d) + 6*w(d). Suppose 5*n = -3*g + 11, -1 = 4*g + 3*n - 12. What is k(g)?
7
Suppose -3*j = -4*k - 0*k - 20, 0 = -k - 3*j - 5. Let z(c) be the second derivative of -c**3/6 - 5*c**2/2 + 1017*c. What is z(k)?
0
Let h(i) = -5*i**3 - 3*i**2 